{"id":99,"date":"2018-11-01T19:40:47","date_gmt":"2018-11-01T19:40:47","guid":{"rendered":"http:\/\/pauls-tischlerei.de\/?page_id=99"},"modified":"2024-11-19T12:44:25","modified_gmt":"2024-11-19T12:44:25","slug":"impressum","status":"publish","type":"page","link":"https:\/\/pauls-tischlerei.de\/?page_id=99","title":{"rendered":"Impressum"},"content":{"rendered":"\t\t<div data-elementor-type=\"wp-post\" data-elementor-id=\"99\" class=\"elementor elementor-99\" data-elementor-settings=\"[]\">\n\t\t\t\t\t\t<div class=\"elementor-inner\">\n\t\t\t\t\t\t\t<div class=\"elementor-section-wrap\">\n\t\t\t\t\t\t\t<section class=\"elementor-section elementor-top-section elementor-element elementor-element-05f3bfd elementor-section-boxed elementor-section-height-default elementor-section-height-default\" data-id=\"05f3bfd\" data-element_type=\"section\">\n\t\t\t\t\t\t<div class=\"elementor-container elementor-column-gap-default\">\n\t\t\t\t\t\t\t<div class=\"elementor-row\">\n\t\t\t\t\t<div class=\"elementor-column elementor-col-100 elementor-top-column elementor-element elementor-element-285a90b\" data-id=\"285a90b\" data-element_type=\"column\">\n\t\t\t<div class=\"elementor-column-wrap elementor-element-populated\">\n\t\t\t\t\t\t\t<div class=\"elementor-widget-wrap\">\n\t\t\t\t\t\t<div class=\"elementor-element elementor-element-511ea2f elementor-widget elementor-widget-text-editor\" data-id=\"511ea2f\" data-element_type=\"widget\" data-widget_type=\"text-editor.default\">\n\t\t\t\t<div class=\"elementor-widget-container\">\n\t\t\t\t\t<div class=\"elementor-text-editor elementor-clearfix\"><p><span style=\"color: #003300;\">Pauls Tischlerei<\/span><br \/><span style=\"color: #003300;\">Inh. Paul Druschinez<\/span><br \/><span style=\"color: #003300;\">Pestalozziweg 26<\/span><br \/><span style=\"color: #003300;\">51503 R\u00f6srath<\/span><br \/><span style=\"color: #003300;\">Tel.: 0177-9131202<\/span><\/p><p><span style=\"color: #003300;\">E-Mail: info@pauls-tischlerei.de<\/span><\/p><p><span style=\"color: #003300;\">Zust\u00e4ndige Handwerkskammer: Webseitenlink<\/span><br \/><span style=\"color: #003300;\">Handwerkskammer K\u00f6ln, Heumarkt 12, 50667 K\u00f6ln\u00a0<\/span><br \/><span style=\"color: #003300;\">Handwerksordnung<\/span><\/p><p><span style=\"color: #003300;\">Umsatzsteuer-Identifikationsnummer gem\u00e4\u00df \u00a7 27a UStG: DE319773196<\/span><\/p><p><span style=\"color: #003300;\">Redaktionelle Verantwortung gem\u00e4\u00df \u00a7 55 Abs. 2 Rundfunkstaatsvertrag:<\/span><br \/><span style=\"color: #003300;\">Paul Druschinez,\u00a0Holunderweg 17,\u00a051491 Overath<\/span><\/p><p><strong><span style=\"color: #003300;\">Haftungshinweis:<\/span><\/strong><\/p><p><span style=\"color: #003300;\">Mit Urteil vom 12. Mai 1998 hat das Landgericht Hamburg entschieden, dass Betreiber von Webseiten durch das Anbringen eines Links die Inhalte der gelinkten Seite gegebenenfalls mit zu verantworten haben. Dies kann \u2013 so das LG \u2013 dadurch verhindert werden, dass der Betreiber sich ausdr\u00fccklich von diesen Inhalten distanziert.<\/span><\/p><p><span style=\"color: #003300;\">F\u00fcr Verweise auf den Seiten des Unternehmens Pauls Tischlerei (Inh. Paul Druschinez)\u00a0m\u00f6chten wir ausdr\u00fccklich betonen, dass wir keinerlei Einfluss auf den Linktext, die Gestaltung, evtl. Verletzungen geltender Rechte, auch Marken- und Titelrechte und die Inhalte der gelinkten Seiten haben. Wir distanzieren uns ausdr\u00fccklich von den Linkformulierungen, sowie von allen Inhalten aller Seiten auf die wir Verweise gesetzt haben und machen uns ihre Inhalte nicht zu eigen. Diese Erkl\u00e4rung gilt f\u00fcr alle auf unserer Website angebrachten Links und f\u00fcr alle Inhalte der Seiten, zu denen die bei uns angemeldeten Banner oder Links f\u00fchren.<\/span><\/p><p><span style=\"color: #003300;\">Wir bem\u00fchen uns, m\u00f6glichst genaue und zuverl\u00e4ssige Informationen auf unseren Webseiten zu ver\u00f6ffentlichen. Wir k\u00f6nnen jedoch keinerlei Gew\u00e4hr f\u00fcr die Richtigkeit aller ver\u00f6ffentlichten Informationen leisten. Jegliche Haftung f\u00fcr den Fall von Irrt\u00fcmern oder Auslassungen auf unseren Webseiten wird ausgeschlossen.<\/span><\/p><p><strong><span style=\"color: #003300;\">Haftungsausschluss:<\/span><\/strong><\/p><p><span style=\"color: #003300;\">Als Anbieter von Inhalten ist das Unternehmen\u00a0Pauls Tischlerei (Inh. Paul Druschinez)\u00a0\u00a0nach \u00a7 7 Telemediengesetz nur f\u00fcr eigene Inhalte verantwortlich.<\/span><\/p><p><span style=\"color: #003300;\"><strong>Rechtliche Hinweise \/ Datenschutz<\/strong><\/span><\/p><p><span style=\"color: #003300;\"><strong>\u00a0<\/strong><\/span><\/p><p><span style=\"color: #003300;\"><strong>Bitte beachten Sie die ausf\u00fchrlichen \u00a0Datenschutzerl\u00e4uterungen auf der Seite \u201eDatenschutz\u201c!<\/strong><\/span><\/p><\/div>\n\t\t\t\t<\/div>\n\t\t\t\t<\/div>\n\t\t\t\t\t\t<\/div>\n\t\t\t\t\t<\/div>\n\t\t<\/div>\n\t\t\t\t\t\t\t\t<\/div>\n\t\t\t\t\t<\/div>\n\t\t<\/section>\n\t\t\t\t\t\t<\/div>\n\t\t\t\t\t\t<\/div>\n\t\t\t\t\t<\/div>\n\t\t","protected":false},"excerpt":{"rendered":"<p>Pauls TischlereiInh. Paul DruschinezPestalozziweg 2651503 R\u00f6srathTel.: 0177-9131202 E-Mail: info@pauls-tischlerei.de Zust\u00e4ndige Handwerkskammer: WebseitenlinkHandwerkskammer K\u00f6ln, Heumarkt 12, 50667 K\u00f6ln\u00a0Handwerksordnung Umsatzsteuer-Identifikationsnummer gem\u00e4\u00df \u00a7 27a UStG: DE319773196 Redaktionelle Verantwortung gem\u00e4\u00df \u00a7 55 Abs. 2 Rundfunkstaatsvertrag:Paul Druschinez,\u00a0Holunderweg 17,\u00a051491 Overath Haftungshinweis: Mit Urteil vom 12. Mai 1998 hat das Landgericht Hamburg entschieden, dass Betreiber von Webseiten durch das Anbringen eines Links &hellip; <a href=\"https:\/\/pauls-tischlerei.de\/?page_id=99\" class=\"more-link\"><span class=\"screen-reader-text\">Impressum<\/span> weiterlesen <span class=\"meta-nav\">&rarr;<\/span><\/a><\/p>\n","protected":false},"author":2,"featured_media":0,"parent":0,"menu_order":0,"comment_status":"closed","ping_status":"closed","template":"","meta":[],"_links":{"self":[{"href":"https:\/\/pauls-tischlerei.de\/index.php?rest_route=\/wp\/v2\/pages\/99"}],"collection":[{"href":"https:\/\/pauls-tischlerei.de\/index.php?rest_route=\/wp\/v2\/pages"}],"about":[{"href":"https:\/\/pauls-tischlerei.de\/index.php?rest_route=\/wp\/v2\/types\/page"}],"author":[{"embeddable":true,"href":"https:\/\/pauls-tischlerei.de\/index.php?rest_route=\/wp\/v2\/users\/2"}],"replies":[{"embeddable":true,"href":"https:\/\/pauls-tischlerei.de\/index.php?rest_route=%2Fwp%2Fv2%2Fcomments&post=99"}],"version-history":[{"count":13,"href":"https:\/\/pauls-tischlerei.de\/index.php?rest_route=\/wp\/v2\/pages\/99\/revisions"}],"predecessor-version":[{"id":332,"href":"https:\/\/pauls-tischlerei.de\/index.php?rest_route=\/wp\/v2\/pages\/99\/revisions\/332"}],"wp:attachment":[{"href":"https:\/\/pauls-tischlerei.de\/index.php?rest_route=%2Fwp%2Fv2%2Fmedia&parent=99"}],"curies":[{"name":"wp","href":"https:\/\/api.w.org\/{rel}","templated":true}]}}